5*v, f*v + 14 + 6 = 2*a. What is the units digit of a?
1
Suppose 3*z + 2*z - 58 = 3*s, 2*z = s + 19. What is the tens digit of (-324)/(-7) - (-6)/s?
4
Suppose -2 = -5*l + 2*c - 14, 0 = -3*l - 2*c - 20. Let g(i) = i**3 + 4*i**2 - 4*i + 4. Let v be g(l). Let f = 31 - v. What is the units digit of f?
1
Let b(g) = -g - 6. Let c be b(-9). What is the units digit of 12*(-1 + -1 + c)?
2
Suppose c = -3 + 12. Suppose q - c = 12. What is the units digit of q?
1
Suppose -4*h + 71 = -5*m, -m - 94 = -5*h + 21. Suppose -4*f = -5*f + 4. Suppose f*r = r + h. What is the units digit of r?
8
Let t(b) be the first derivative of -b**2/2 - 17*b - 1. Let g be t(-9). Let d = -3 - g. What is the units digit of d?
5
Suppose 5*p + 2*q - 18 = 0, -q - 2*q = -p - 10. What is the units digit of p?
2
Suppose 0 = 2*t - 26 - 6. Let q = t + -15. What is the units digit of q?
1
Let a = -53 - -125. What is the units digit of a?
2
Let n(y) = -y**3 - y**2 - y + 1. Let k(p) = p**3 - p**2 + p. Let f(d) = -2*k(d) - n(d). Let r be f(4). Let o = r - -29. What is the units digit of o?
8
Suppose -4*n + 3*y = -1208, 3*y - 2*y = -n + 295. What is the hundreds digit of n?
2
Let u(i) = 2*i**3 - 2*i**2 + i. Let j be u(2). Suppose -4*b + 70 = 4*n - 5*n, 5*n = -j. What is the tens digit of b?
1
Let m(s) = -s**3 - 3*s**2 - s. Let y be m(-2). Let g be ((-9)/12)/((-2)/8). Let x = y + g. What is the units digit of x?
1
Let x(o) = 2*o**2 - 6*o - 3. What is the units digit of x(-5)?
7
Suppose 4*n + 2*m = -m + 283, 3*n - 228 = 3*m. What is the units digit of n?
3
Let n = -153 + 302. What is the tens digit of n?
4
Let q(f) = 4 - 6*f - 5*f**2 + 1 - 3 + f**3. What is the units digit of q(6)?
2
Let d = -7 - -7. Suppose -4*n - k = -2, d = -4*n + 8*k - 3*k - 10. Suppose 2*l - 5 + 1 = n. What is the units digit of l?
2
Suppose 2*p + 10 = 4*w + 60, -5*p + 2*w = -85. What is the units digit of p?
5
Suppose -5*l = -0*l - 10. What is the tens digit of (l + 1)/((-2)/(-8))?
1
Let s(i) = i + 62. Let d be s(0). Let o = -14 + d. What is the tens digit of o?
4
Let u(n) = n**2 - 9*n + 12. Let k be u(8). Suppose -5*m + 30 = 5*o, 23 = k*o + 4*m + m. Suppose 0 = 2*y - 4, y + o + 6 = 3*f. What is the units digit of f?
5
Suppose -16 = 4*h, 0*h + 38 = -2*v + h. Let g = v + 34. What is the units digit of g?
3
Let w be (-7)/(7/(-2)) + 0. What is the tens digit of w/8 + 254/8?
3
Let g = -1 + 3. Suppose 0*n - 5*n = 2*w - 19, -5*w = -4*n - 64. Suppose g*j - w = -j. What is the units digit of j?
4
Suppose -5*l + 666 = 4*g, 3*g - 3*l - 851 = -2*g. What is the units digit of g?
9
Suppose -2*f + x = -46, 2*f - 3 = -2*x + 43. What is the tens digit of f?
2
Let a(x) = 7*x - 9. Let s be a(6). Let b = 63 - s. What is the tens digit of b?
3
Let g = 286 + -201. What is the tens digit of g?
8
Let f = 4 - 1. Suppose -5*w + f*w - 2 = 0. Let n = w + 5. What is the units digit of n?
4
Let a be 87/(-5) - (-4)/10. What is the units digit of (a - -3)/(-2) + 0?
7
Suppose 13 = 5*a + q - 14, -a + q + 3 = 0. Suppose 0 = -2*s + s - a. Let z = s - -6. What is the units digit of z?
1
Let b be (2 + (-24)/10)*-5. Suppose -35 = y - 2*y + 5*a, -b*y = -5*a - 65. Suppose -3*g + y - 6 = 0. What is the units digit of g?
8
Suppose -k + 14 = z, -7*z + 2*z + 70 = -k. What is the tens digit of z?
1
Let u(x) = 4*x**2 - 8*x + 14. What is the units digit of u(7)?
4
Suppose 0 = 2*g - 169 - 71. What is the units digit of g?
0
What is the tens digit of (201/(-12) + -2)*4/(-1)?
7
Let w be ((-1)/(-2))/(2/20). Let g(t) be the first derivative of -t**4/4 + 2*t**3 - 2*t**2 + 5*t - 2. What is the units digit of g(w)?
0
Let k = 14 - 11. Let t(m) = m**2 - 3*m + 2. Let f be t(k). What is the units digit of 4/f - (-6 + 3)?
5
Let n(q) = q**2 + 2*q - 2. Let z = 7 - 3. Suppose z = -3*l - 8. What is the units digit of n(l)?
6
Suppose -14 = -0*w - w. Let j = -10 + w. Suppose 4*a - 2*a - 36 = -3*q, -q = -j*a - 26. What is the units digit of q?
4
Let k(x) = x**2 + 12*x + 14. Let b be k(-11). Suppose -2*m = -6*m - 16. Let r = b - m. What is the units digit of r?
7
Suppose 0 = -x + 8 - 3. Suppose -43 + 4 = -x*l - y, -4*l - y + 31 = 0. What is the units digit of l?
8
Let i = -27 + 106. What is the units digit of i?
9
Let o = 36 + -4. What is the tens digit of o?
3
Suppose 2*b - 147 = b + 4*y, -588 = -4*b + 5*y. What is the units digit of b?
7
Let k(b) = 65*b**3 + b**2 - 1. What is the units digit of k(1)?
5
Let h(z) = z**2 - 6*z + 2. Let b be h(7). Let f be (-18)/(-4)*20/6. Let n = f - b. What is the units digit of n?
6
Suppose 4*c + 1 = -7. Let f(g) = -g**3 + 2*g**2 + 2*g + 2. Let z be f(c). Let x = z - 8. What is the units digit of x?
6
Let p(k) = 2*k**2 - 4*k + 1. Let s be p(4). Let b be (8 - -2)*(-14)/(-5). Let u = b - s. What is the units digit of u?
1
What is the tens digit of 3054/45 + (-10)/(-75)?
6
Let h = -17 + 76. What is the tens digit of h?
5
Let c = -21 + 59. What is the tens digit of c?
3
Let f(w) = 3*w**2 - 2 - 6 - 4*w + 2*w**2 - 4*w**2. What is the units digit of f(6)?
4
Let f = 6 + 25. What is the units digit of f?
1
Let j = 90 - 35. What is the tens digit of j?
5
Let z(w) = -w + 50. Let p be z(0). Suppose -p = -5*r - 20. Let t = -2 + r. What is the units digit of t?
4
Let d = -7 - -7. Suppose -r + 2*r - 12 = d. What is the tens digit of r?
1
Let l = 4 + -4. What is the units digit of (3 - l) + (1 - -2)?
6
Let o(l) = 24*l - 1. What is the units digit of o(4)?
5
Let w(d) = -28*d - 13. What is the units digit of w(-2)?
3
Suppose 0 = -2*d - 0*d + 6. Suppose 2*y - 4*i - 1 - d = 0, 0 = -2*y - 3*i + 25. Suppose -4*a + y = -8. What is the units digit of a?
4
Let k be (-57)/6*(4 - 0). Let y = -17 - k. Let q = y - 9. What is the tens digit of q?
1
What is the units digit of (8/6)/4*18?
6
Suppose 16 = -b + 4*a, -2*b - a + 3*a = 8. Suppose -2*i + 6 = -b*i. Suppose 4*t - 31 = -i. What is the units digit of t?
7
Suppose -154 = -f - f. Suppose 5*o + 18 + f = 5*w, 4*w - o - 85 = 0. What is the tens digit of w?
2
Suppose -c + 87 = -62. What is the tens digit of c?
4
Let h(m) = m**2 - 3*m - 9. Let g be h(7). Let y = g - 0. What is the tens digit of y?
1
Let u be -10*(-2)/4*1. Suppose 60 = u*y + b, -2*y - 3*b - 2*b = -1. What is the units digit of y?
3
Let p(f) = f**2 + 10*f - 11. Let x be p(-11). Let k be (x - (-6)/(-3)) + 1. What is the units digit of k + 1 + (-7)/(-1)?
7
Let k(x) be the third derivative of -x**6/120 - x**4/24 + 3*x**3/2 - 2*x**2. What is the units digit of k(0)?
9
Suppose 0 = -j - 2*r, 0 = -j + 6*j - 2*r - 60. Let i be 24/j + (-10)/25. Let d(n) = 2*n**3 - 3*n**2 - n + 2. What is the units digit of d(i)?
4
Suppose -2*u + 41 = 245. Let n = u + 146. What is the units digit of n?
4
Suppose -5*r = -8*r + 813. What is the tens digit of r?
7
Let d(s) = 2*s + 1. Let w be d(1). Suppose -2*k + 3*k = w. Suppose -2*b + 30 = k*b. What is the units digit of b?
6
Suppose -4*j = 3*f - 11, 5*f = 5*j + 17 + 13. Suppose 55 = f*k - 120. What is the units digit of k?
5
Let z(u) = u + 12. Let p be z(-10). Suppose -83 = 5*q + 3*h - 284, 84 = p*q + 3*h. What is the units digit of q?
9
Let d = -90 - -153. What is the tens digit of d?
6
Suppose 10 = y + 4*y. Suppose -y*g = n - 32, -4*g + 3*g + 55 = 2*n. What is the tens digit of n?
2
What is the units digit of ((-19)/38)/((-2)/196)?
9
Suppose 0 = 3*x - l - l - 46, 4*x + l = 76. What is the units digit of x?
8
Suppose 3*f - 52 = -f. Let m = f + -3. What is the units digit of (15/m)/((-3)/(-14))?
7
Let c(t) = -25*t - 31. What is the units digit of c(-13)?
4
Let f = -165 - -299. What is the tens digit of f?
3
Suppose 5*n - 240 = -0*n. Suppose 5*s - 7*s = -n. What is the tens digit of s?
2
Let o be (-81)/(-12) + 1/4. Suppose o = -3*m + 31. Let k = 14 - m. What is the units digit of k?
6
Suppose 0*j = -j + 3. Suppose -2*p = -j*p + 12. What is the units digit of p?
2
Suppose -2*u - 28 = -3*u. Suppose 3*x = 4*x - u. What is the units digit of x?
8
Let x(z) = -z**3 + 4*z**2 + 3*z + 4. Let v be x(5). Let b(y) = y**3 + 8*y**2 - y + 1. Let h be b(-8). What is the units digit of -2*3/v*h?
9
Let v(a) = a**3 - 8*a**2 - 7. Let f be v(8). Let p = 10 + f. What is the units digit of p?
3
What is the tens digit of (6 - 7)/(2/(-62))?
3
Let x(w) = 6*w - 11. What is the tens digit of x(6)?
2
Let a(y) = -12*y - 13. What is the hundreds digit of a(-23)?
2
Let z be (